 divided by 84?
4
What is the remainder when 111 is divided by 51?
9
What is the remainder when 38 is divided by 15?
8
Calculate the remainder when 11112 is divided by 2222.
2
Calculate the remainder when 543 is divided by 42.
39
Calculate the remainder when 95 is divided by 12.
11
Calculate the remainder when 151 is divided by 32.
23
What is the remainder when 155 is divided by 153?
2
Calculate the remainder when 689 is divided by 146.
105
Calculate the remainder when 3747 is divided by 75.
72
Calculate the remainder when 102 is divided by 10.
2
Calculate the remainder when 142 is divided by 41.
19
Calculate the remainder when 2759 is divided by 232.
207
What is the remainder when 15298 is divided by 12?
10
What is the remainder when 93 is divided by 37?
19
What is the remainder when 415 is divided by 104?
103
Calculate the remainder when 132 is divided by 64.
4
Calculate the remainder when 135 is divided by 17.
16
Calculate the remainder when 391 is divided by 67.
56
Calculate the remainder when 28 is divided by 8.
4
Calculate the remainder when 317 is divided by 19.
13
Calculate the remainder when 347 is divided by 87.
86
Calculate the remainder when 89 is divided by 16.
9
Calculate the remainder when 3959 is divided by 40.
39
What is the remainder when 9253 is divided by 21?
13
Calculate the remainder when 124 is divided by 5.
4
Calculate the remainder when 546 is divided by 61.
58
What is the remainder when 895 is divided by 245?
160
Calculate the remainder when 292 is divided by 235.
57
Calculate the remainder when 191 is divided by 89.
13
Calculate the remainder when 872 is divided by 435.
2
Calculate the remainder when 440 is divided by 49.
48
Calculate the remainder when 143 is divided by 49.
45
Calculate the remainder when 1856 is divided by 16.
0
Calculate the remainder when 9994 is divided by 119.
117
Calculate the remainder when 237 is divided by 53.
25
Calculate the remainder when 867 is divided by 14.
13
Calculate the remainder when 1599 is divided by 53.
9
What is the remainder when 37 is divided by 33?
4
What is the remainder when 16 is divided by 5?
1
Calculate the remainder when 1087 is divided by 121.
119
Calculate the remainder when 8762 is divided by 18.
14
What is the remainder when 253 is divided by 37?
31
Calculate the remainder when 976 is divided by 55.
41
Calculate the remainder when 5531 is divided by 16.
11
What is the remainder when 201 is divided by 23?
17
What is the remainder when 108 is divided by 30?
18
Calculate the remainder when 7309 is divided by 17.
16
What is the remainder when 348 is divided by 59?
53
What is the remainder when 503 is divided by 9?
8
Calculate the remainder when 1469 is divided by 82.
75
What is the remainder when 979 is divided by 281?
136
What is the remainder when 3568 is divided by 83?
82
Calculate the remainder when 100 is divided by 15.
10
Calculate the remainder when 376 is divided by 44.
24
Calculate the remainder when 53 is divided by 28.
25
Calculate the remainder when 586 is divided by 31.
28
Calculate the remainder when 1257 is divided by 21.
18
What is the remainder when 331 is divided by 109?
4
What is the remainder when 2364 is divided by 5?
4
What is the remainder when 1250 is divided by 404?
38
What is the remainder when 1249 is divided by 248?
9
What is the remainder when 29393 is divided by 414?
413
What is the remainder when 138 is divided by 70?
68
What is the remainder when 520 is divided by 498?
22
Calculate the remainder when 783 is divided by 112.
111
Calculate the remainder when 1823 is divided by 122.
115
Calculate the remainder when 4737 is divided by 31.
25
What is the remainder when 485 is divided by 76?
29
Calculate the remainder when 845 is divided by 76.
9
Calculate the remainder when 466 is divided by 14.
4
Calculate the remainder when 919 is divided by 903.
16
Calculate the remainder when 319 is divided by 20.
19
Calculate the remainder when 47 is divided by 13.
8
Calculate the remainder when 1040 is divided by 4.
0
Calculate the remainder when 207 is divided by 66.
9
Calculate the remainder when 271 is divided by 13.
11
Calculate the remainder when 788 is divided by 257.
17
Calculate the remainder when 3019 is divided by 18.
13
What is the remainder when 231 is divided by 26?
23
What is the remainder when 1245 is divided by 200?
45
What is the remainder when 1209 is divided by 69?
36
Calculate the remainder when 101 is divided by 16.
5
What is the remainder when 1220 is divided by 72?
68
Calculate the remainder when 1959 is divided by 18.
15
Calculate the remainder when 257 is divided by 59.
21
What is the remainder when 152 is divided by 31?
28
What is the remainder when 94 is divided by 19?
18
What is the remainder when 689 is divided by 23?
22
What is the remainder when 1531 is divided by 20?
11
What is the remainder when 130 is divided by 10?
0
What is the remainder when 1684 is divided by 36?
28
Calculate the remainder when 100 is divided by 22.
12
What is the remainder when 2208 is divided by 3?
0
What is the remainder when 68 is divided by 27?
14
What is the remainder when 42779 is divided by 39?
35
What is the remainder when 6172 is divided by 310?
282
Calculate the remainder when 366 is divided by 74.
70
Calculate the remainder when 479 is divided by 12.
11
What is the remainder when 267 is divided by 123?
21
What is the remainder when 39 is divided by 17?
5
What is the remainder when 2829 is divided by 59?
56
What is the remainder when 104 is divided by 55?
49
What is the remainder when 262 is divided by 84?
10
What is the remainder when 112 is divided by 23?
20
What is the remainder when 11805 is divided by 288?
285
What is the remainder when 7852 is divided by 42?
40
Calculate the remainder when 93 is divided by 16.
13
Calculate the remainder when 33022 is divided by 25.
22
What is the remainder when 154 is divided by 37?
6
What is the remainder when 594 is divided by 23?
19
What is the remainder when 541 is divided by 16?
13
Calculate the remainder when 9 is divided by 5.
4
What is the remainder when 57 is divided by 9?
3
What is the remainder when 25 is divided by 14?
11
What is the remainder when 84 is divided by 59?
25
What is the remainder when 284 is divided by 65?
24
Calculate the remainder when 319 is divided by 4.
3
Calculate the remainder when 882 is divided by 119.
49
What is the remainder when 268 is divided by 100?
68
What is the remainder when 42 is divided by 3?
0
Calculate the remainder when 2451 is divided by 244.
11
What is the remainder when 45 is divided by 3?
0
What is the remainder when 981 is divided by 91?
71
Calculate the remainder when 713 is divided by 42.
41
Calculate the remainder when 5215 is divided by 30.
25
Calculate the remainder when 63 is divided by 33.
30
Calculate the remainder when 130 is divided by 20.
10
What is the remainder when 165 is divided by 34?
29
What is the remainder when 146 is divided by 37?
35
What is the remainder when 303 is divided by 14?
9
What is the remainder when 1488 is divided by 82?
12
What is the remainder when 84 is divided by 10?
4
What is the remainder when 187 is divided by 93?
1
What is the remainder when 785 is divided by 158?
153
Calculate the remainder when 84 is divided by 32.
20
Calculate the remainder when 1297 is divided by 100.
97
What is the remainder when 1419 is divided by 1416?
3
What is the remainder when 155 is divided by 36?
11
Calculate the remainder when 177 is divided by 41.
13
Calculate the remainder when 1103 is divided by 24.
23
What is the remainder when 1086 is divided by 64?
62
Calculate the remainder when 107 is divided by 60.
47
What is the remainder when 985 is divided by 133?
54
Calculate the remainder when 3439 is divided by 37.
35
What is the remainder when 623 is divided by 10?
3
What is the remainder when 975 is divided by 140?
135
Calculate the remainder when 928 is divided by 120.
88
What is the remainder when 519 is divided by 209?
101
Calculate the remainder when 48 is divided by 37.
11
Calculate the remainder when 11985 is divided by 5988.
9
What is the remainder when 147 is divided by 135?
12
Calculate the remainder when 95 is divided by 14.
11
What is the remainder when 17 is divided by 15?
2
What is the remainder when 135 is